e units digit of 102122?
2
What is the tens digit of 1145024?
2
What is the hundred thousands digit of 4317340?
3
What is the units digit of 6626651?
1
What is the tens digit of 374383?
8
What is the tens digit of 1811795?
9
What is the thousands digit of 140753?
0
What is the tens digit of 2792757?
5
What is the units digit of 560372?
2
What is the units digit of 58398?
8
What is the ten thousands digit of 2030754?
3
What is the thousands digit of 328914?
8
What is the thousands digit of 163340?
3
What is the hundreds digit of 6571149?
1
What is the thousands digit of 2371966?
1
What is the thousands digit of 218563?
8
What is the hundred thousands digit of 184111?
1
What is the thousands digit of 25564421?
4
What is the units digit of 143853?
3
What is the units digit of 9148214?
4
What is the hundred thousands digit of 2492902?
4
What is the ten thousands digit of 131419?
3
What is the ten thousands digit of 183064?
8
What is the units digit of 158272?
2
What is the units digit of 28917?
7
What is the hundreds digit of 101389?
3
What is the thousands digit of 5411597?
1
What is the thousands digit of 301214?
1
What is the thousands digit of 163673?
3
What is the hundred thousands digit of 28183412?
1
What is the hundreds digit of 658545?
5
What is the thousands digit of 17044234?
4
What is the thousands digit of 6016390?
6
What is the units digit of 75749?
9
What is the hundreds digit of 3266803?
8
What is the tens digit of 2441339?
3
What is the hundreds digit of 37090?
0
What is the tens digit of 453283?
8
What is the units digit of 428129?
9
What is the tens digit of 1836046?
4
What is the hundreds digit of 591146?
1
What is the ten thousands digit of 184744?
8
What is the hundred thousands digit of 501701?
5
What is the ten thousands digit of 1304065?
0
What is the ten thousands digit of 4307732?
0
What is the tens digit of 2945709?
0
What is the tens digit of 10403377?
7
What is the hundred thousands digit of 269334?
2
What is the tens digit of 3455415?
1
What is the ten thousands digit of 293120?
9
What is the hundreds digit of 193028?
0
What is the hundred thousands digit of 345762?
3
What is the tens digit of 814032?
3
What is the ten thousands digit of 2684372?
8
What is the hundreds digit of 1406289?
2
What is the tens digit of 209904?
0
What is the ten thousands digit of 11256803?
5
What is the hundred thousands digit of 8888589?
8
What is the units digit of 723094?
4
What is the tens digit of 6519694?
9
What is the hundred thousands digit of 324838?
3
What is the ten thousands digit of 383693?
8
What is the hundred thousands digit of 2114995?
1
What is the thousands digit of 676707?
6
What is the thousands digit of 1207?
1
What is the ten thousands digit of 211927?
1
What is the thousands digit of 456120?
6
What is the millions digit of 1991435?
1
What is the units digit of 10944527?
7
What is the hundred thousands digit of 112637?
1
What is the hundreds digit of 279065?
0
What is the units digit of 1432387?
7
What is the millions digit of 26445484?
6
What is the millions digit of 4568248?
4
What is the units digit of 232384?
4
What is the tens digit of 149625?
2
What is the thousands digit of 1961288?
1
What is the tens digit of 68999?
9
What is the hundred thousands digit of 146985?
1
What is the millions digit of 2318601?
2
What is the thousands digit of 15071927?
1
What is the thousands digit of 1371007?
1
What is the ten millions digit of 32734580?
3
What is the ten thousands digit of 1560321?
6
What is the hundreds digit of 198761?
7
What is the hundred thousands digit of 2822133?
8
What is the hundreds digit of 66162?
1
What is the thousands digit of 9966220?
6
What is the thousands digit of 8326011?
6
What is the hundred thousands digit of 426617?
4
What is the tens digit of 317168?
6
What is the hundred thousands digit of 358615?
3
What is the millions digit of 3001825?
3
What is the tens digit of 187472?
7
What is the units digit of 2088520?
0
What is the units digit of 617844?
4
What is the hundreds digit of 641533?
5
What is the units digit of 953875?
5
What is the units digit of 153962?
2
What is the thousands digit of 51877?
1
What is the hundred thousands digit of 306277?
3
What is the thousands digit of 7413798?
3
What is the units digit of 6904420?
0
What is the units digit of 33829047?
7
What is the tens digit of 3823254?
5
What is the ten thousands digit of 6872331?
7
What is the ten thousands digit of 51621?
5
What is the ten thousands digit of 8970181?
7
What is the tens digit of 657226?
2
What is the tens digit of 275035?
3
What is the thousands digit of 439846?
9
What is the hundreds digit of 4384358?
3
What is the units digit of 8495213?
3
What is the tens digit of 8318633?
3
What is the ten thousands digit of 1166929?
6
What is the ten millions digit of 17860947?
1
What is the thousands digit of 753560?
3
What is the hundred thousands digit of 411026?
4
What is the hundreds digit of 205313?
3
What is the units digit of 787213?
3
What is the hundreds digit of 744797?
7
What is the hundred thousands digit of 180050?
1
What is the units digit of 4001651?
1
What is the hundreds digit of 217947?
9
What is the millions digit of 21186788?
1
What is the thousands digit of 34335?
4
What is the millions digit of 6521591?
6
What is the ten thousands digit of 3492031?
9
What is the ten thousands digit of 53453?
5
What is the tens digit of 59360?
6
What is the hundred thousands digit of 3926700?
9
What is the tens digit of 1093407?
0
What is the units digit of 611037?
7
What is the millions digit of 4204305?
4
What is the units digit of 3145779?
9
What is the ten thousands digit of 741736?
4
What is the units digit of 15443293?
3
What is the hundreds digit of 362053?
0
What is the hundred thousands digit of 329719?
3
What is the units digit of 310572?
2
What is the hundred thousands digit of 130652?
1
What is the tens digit of 54920?
2
What is the thousands digit of 26673665?
3
What is the hundred thousands digit of 281976?
2
What is the tens digit of 2414499?
9
What is the units digit of 4463375?
5
What is the ten thousands digit of 21440637?
4
What is the thousands digit of 7877952?
7
What is the ten thousands digit of 136297?
3
What is the thousands digit of 417473?
7
What is the hundreds digit of 302568?
5
What is the hundreds digit of 187327?
3
What is the ten thousands digit of 245456?
4
What is the thousands digit of 782270?
2
What is the tens digit of 352506?
0
What is the hundreds digit of 365377?
3
What is the units digit of 80467?
7
What is the tens digit of 455501?
0
What is the ten thousands digit of 11993398?
9
What is the tens digit of 250640?
4
What is the ten millions digit of 31412090?
3
What is the hundreds digit of 28716066?
0
What is the units digit of 59243?
3
What is the hundreds digit of 6504267?
2
What is the tens digit of 60447?
4
What is the millions digit of 1488022?
1
What is the tens digit of 3572340?
4
What is the units digit of 3357105?
5
What is the hundreds digit of 86963?
9
What is the units digit of 88487?
7
What is the tens digit of 2539464?
6
What is the hundreds digit of 105328?
3
What is the hundred thousands digit of 754831?
7
What is the thousands digit of 2219104?
9
What is the millions digit of 6263659?
6
What is the hundreds digit of 6711338?
3
What is the hundreds digit of 10015023?
0
What is the tens digit of 5079957?
5
What is the units digit of 275123?
3
What is the ten thousands digit of 2375263?
7
What is the millions digit of 10058493?
0
What is the ten thousands digit of 137496?
3
What is the millions digit of 16022402?
6
What is the units digit of 3208676?
6
What is the millions digit of 14905877?
4
What is the ten thousands digit of 693771?
9
What is the hundreds digit of 1191350?
3
What is the ten thousands digit of 185459?
8
What is the tens digit of 77911?
1
What is the thousands digit of 1300640?
0
What is the ten thousands digit of 24266658?
6
What is the thousands digit of 4837555?
7
What is the hundreds digit of 113453?
4
What is the millions digit of 2249438?
2
What is the millions digit of 11674053?
1
What is the hundreds digit of 1670285?
2
What is the units digit of 10732633?
3
What is the ten thousands digit of 5158612?
5
What is the thousands di